)/(-2)*1 + g?
2
Suppose -p = 3*o - 7*o + 775, 0 = -3*o - 5*p + 610. List the prime factors of o.
3, 5, 13
Let o(g) = g**2 - 3*g + 7. Suppose 4*c - 4*d - 32 = 0, -2*c + d = -6*c + 17. What are the prime factors of o(c)?
17
Let a(p) = -p**2 + 6*p - 2. Let k be a(5). Suppose -5*x - k*t + 0*t + 24 = 0, t = -5*x + 28. What are the prime factors of ((-4)/(-6))/(x/117)?
13
Suppose 4*k + 2 = 3*k. Let t(r) = -12*r + 3. What are the prime factors of t(k)?
3
Suppose 0 = -6*b + 23 - 5. Suppose -x - 5*n = -n - 59, -113 = -b*x + 4*n. What are the prime factors of x?
43
Suppose 111 = 2*z - 109. List the prime factors of z.
2, 5, 11
Let f(q) = q**3 - 5*q**2 - q - 5. Let y be f(6). Suppose u - y = -4*u. What are the prime factors of u?
5
Suppose -3*d - 607 = -4*k - 2*d, -2*k + 309 = 5*d. List the prime factors of k.
2, 19
Suppose f + 4*f - 743 = 3*x, -x = -2*f + 297. Suppose -5*h = -5*u + 170, 4*u + 0*h = h + f. List the prime factors of u.
2, 19
List the prime factors of (1 + 4)*(2 - 0).
2, 5
Let w be (1 - (18 - -1)) + 1. Let z = 31 + w. List the prime factors of z.
2, 7
Suppose -l - 3*n + 14 = -70, l - 4*n = 70. What are the prime factors of l?
2, 3, 13
Let b be -2 - (-80)/(-12)*-6. Suppose b = -v + 3*v. What are the prime factors of v?
19
Let w = -27 - -3. Let m = 41 + w. Suppose x + 2 = 4*t - 3, m = 3*x + 4*t. What are the prime factors of x?
3
Let t be -7*(-1)/1 - -2. Let k = -1 + t. What are the prime factors of k?
2
Suppose 2*u = -3*f + 8*f + 96, -4*f - 81 = -3*u. Suppose 24 = 2*d + 2*d. List the prime factors of (f/8)/(d/(-16)).
2, 3
Let a = 3 + -1. Suppose a*l = -5*t + 7 + 35, 4*l - 72 = -4*t. Suppose -14 - l = -3*x. What are the prime factors of x?
2, 5
Let j(t) = t**3 - 19*t**2 + 23*t + 7. List the prime factors of j(18).
97
Let j be 0 - 2 - (1 + -7). Suppose 9*k + 3*s - 39 = 5*k, 8 = -2*k + j*s. List the prime factors of 14/k + 4/(-12).
2
Suppose 3*l + 6 = 318. What are the prime factors of l?
2, 13
Suppose h - 12*h = -88. List the prime factors of h.
2
Let i be (4 - 5)*10/(-2). Suppose i*k - h = 66, 0*k - 3*h + 26 = k. Suppose k = 3*r - 10. What are the prime factors of r?
2
Let l(r) = r**2 + r**2 - r**2 + 2 - 3*r + 0*r. List the prime factors of l(3).
2
Suppose 3*g = -l + 1, 2*g - 3 = -3*l - 14. List the prime factors of g.
2
Let i(a) = 93*a**2 + a. Let m be i(-1). Suppose -c = 3*c - m. List the prime factors of c.
23
Let l be 24/9 + 1/3. Suppose -u + 1 = 4*w, 1 - 2 = u + 5*w. Suppose -3 = -l*t + u. List the prime factors of t.
2
Suppose 0 = -2*z + 4. Suppose 0 = -z*w - 4*w + 24. List the prime factors of w.
2
Suppose -15 = 2*v - 5*v. Suppose 0 = -5*x + 15, v*x + 2338 - 568 = -5*m. List the prime factors of m/(-14)*(-2)/(-3).
17
Suppose 6 = -5*b - 14. Let c be 5/2*(-2 - b). Let j = c + 1. What are the prime factors of j?
2, 3
Suppose -4*p + 2*p + 48 = 0. Let w be (1*-9 - 2) + 2. What are the prime factors of 42/(-8)*p/w?
2, 7
Let h = 87 - -80. List the prime factors of h.
167
Let u = -59 - -24. Let a = -11 - u. Suppose -2*q = 2*f - a, -4*q + 25 = q. What are the prime factors of f?
7
Suppose 0*y = y - 2. Suppose 0 = -4*h - 3*x + 36, -y*h + 22 = 4*x + 4. What are the prime factors of h?
3
Suppose -3*w + 361 = -2*s, -4*s + 2*w - 534 = -s. Let n be 1/(2/s*-2). Suppose 6*d = 2*d + n. What are the prime factors of d?
11
Suppose -l + 37 - 489 = 0. What are the prime factors of 7/(-35) - l/10?
3, 5
Suppose -82 = -t - t. List the prime factors of t.
41
Suppose 0 = -y - 3*z + 95, -3*y = -0*y - 2*z - 274. List the prime factors of y.
2, 23
Let w(n) = n**3 - 3*n**2 + 2*n. Let u be w(2). Suppose u = 2*r + 2*r - 12. Suppose 0 = r*v - 11*k + 6*k - 8, 0 = -5*v - k + 60. What are the prime factors of v?
11
Let l be (14/6 - 2)*3. Suppose 3*t + 14 = 5, t - l = -4*z. What are the prime factors of (0 - z)/((-1)/7)?
7
Let a be (-4)/20 - 2/(-10). Suppose 1 = q, a*j - 3*q + 15 = j. What are the prime factors of j?
2, 3
Suppose -m + 32 = 4*j, -4*j + 96 = 3*m - 5*j. What are the prime factors of m?
2
Suppose -3*b = -5*n + 48, -2*n - 3*b + 10 = -5. Let x = -13 - -34. Let g = x - n. List the prime factors of g.
2, 3
Let m be 1/((-1 + 0)/9). What are the prime factors of (3/1)/(m/(-27))?
3
Suppose 3*l = x + x + 97, -61 = -2*l + 5*x. Suppose 3*c = -i + 15, 2*i - 3*c - l = -i. What are the prime factors of i?
2, 3
Suppose k = 5*s + 209, -2*s = -3*k + 84 + 608. List the prime factors of k.
2, 3, 13
Suppose 39 - 121 = 4*g - 3*x, 0 = -5*g - 3*x - 116. Let j(u) = -4*u**2 - 5*u + 1. Let y be j(-4). Let a = g - y. List the prime factors of a.
3, 7
Let i(w) = w + 4. Let j(y) be the first derivative of -y**4/4 - 8*y**3/3 + 7*y**2/2 - 13*y - 2. Let v be j(-9). List the prime factors of i(v).
3
Let p(r) = -r**3 - 7*r**2 + 6. Let m be p(-7). Let k(q) = -q**3 + 6*q**2 - q + 8. What are the prime factors of k(m)?
2
Suppose 0 = 4*q - 1 + 9. Let p = 4 + q. List the prime factors of p.
2
Suppose -2*t = -c - 89, 96 = -4*t + 3*c + 271. What are the prime factors of t?
2, 23
Suppose 5*w = 141 - 511. Let f = -22 - w. List the prime factors of f.
2, 13
Suppose -266 - 42 = -2*n. List the prime factors of n.
2, 7, 11
Let h = 27 + -13. Let m = 3 + h. List the prime factors of m.
17
Suppose 2*y = 5*y - 30. Let w = 12 - y. List the prime factors of w.
2
Suppose -9*h - 283 = -10*h. List the prime factors of h.
283
Let m(x) = x**3 - 7*x**2 - x + 8. Let n be m(7). Let o be 3*(0/(-3) + n). Suppose -u + o + 4 = 0. List the prime factors of u.
7
Let s(h) = h**3 + 3*h**2 - 3*h + 4. Suppose 4*w + 13 = -3. Let j be s(w). Suppose m - 2*m + 9 = j. What are the prime factors of m?
3
Let u(h) = h**3 - h**2 + 3. Let c be u(0). Suppose s + 2*g + 12 = c*s, 0 = -g + 3. List the prime factors of s.
3
Let a(i) = i**3 + 7*i**2 + i - 4. Suppose 3*v - 18 = 6*v. Let x be a(v). Suppose 2*q - 7 + 32 = 5*d, 3*d + q = x. What are the prime factors of d?
7
Suppose 2*p = -0*p + 68. Let v be 2*(-3)/(12/p). Let t = v + 28. What are the prime factors of t?
11
Suppose -17*d + 13*d + 112 = 0. List the prime factors of d.
2, 7
Suppose 5*f + 13 - 73 = 0. What are the prime factors of f?
2, 3
Suppose 23 = -5*p + 68. List the prime factors of p.
3
Let x(l) be the first derivative of l**3/3 + 8*l + 4. What are the prime factors of x(4)?
2, 3
Let d = -54 + 118. List the prime factors of d.
2
Let l = 0 + 2. Suppose 3*s - 31 = -l*d - 3*d, -4*s + 12 = 3*d. Suppose 3*x = 4 + d. What are the prime factors of x?
2
Let l be (1/1)/((-2)/(-8)). Let s(o) = o**3 - 5*o**2 + 3*o - 2. Let z be s(3). What are the prime factors of l/(-22) + (-123)/z?
11
Let m(w) be the third derivative of w**5/30 + 5*w**4/24 - 7*w**3/6 - w**2. List the prime factors of m(-5).
2, 3
Suppose 4*v + 5*i - 318 = 0, 0 = -2*v - 2*v + 2*i + 332. List the prime factors of v.
2, 41
Suppose -5*r - g + 221 = -86, -4*g = -r + 74. List the prime factors of r.
2, 31
Let j be 1 - (-1 + (-2 - -3)). Let x be -2*j - (0 - 2). Suppose x*w + w = 10. List the prime factors of w.
2, 5
Let n = 757 + -532. List the prime factors of n.
3, 5
Let q be (-4104)/(-32) - 1/4. Suppose -3*n + 108 = 3*u, -3*n - 3*u + q = -4*u. List the prime factors of n.
41
Suppose 5*t = -0 + 20. What are the prime factors of t?
2
Suppose -3*m = -m - 38. What are the prime factors of m?
19
Suppose -2*k = 2 + 2. Let w(x) = -x + x**2 - 1 + 0 - 1. List the prime factors of w(k).
2
Suppose -a + 6 = -3*a, 4*c - a = 55. What are the prime factors of c?
13
Let p(o) = -19*o + 5. Let h(u) = 20*u - 4. Let y(a) = 3*h(a) + 2*p(a). Let n be y(-2). List the prime factors of (-1)/2 - n/4.
11
Let k be (3/3 - 6)*-1. Suppose 3*z - k*q = 28, z - 4*z = -q - 44. List the prime factors of (-1)/(1 + (-18)/z).
2
Let u = -57 + 34. Suppose 0 = 4*o - 3*o + 13. Let i = o - u. List the prime factors of i.
2, 5
List the prime factors of 933/15 + (-1)/5.
2, 31
Let u be (-50)/1 - (2 + -3). Let m = -24 - u. What are the prime factors of m?
5
Let a(t) = -4*t**2 + t + 3. Let z(x) = -11*x**2 + 3*x + 10. Let r(m) = 8*a(m) - 3*z(m). List the prime factors of r(5).
2, 7
Suppose -27 - 163 = -5*l. Let w be (-4)/20 + l/(-10). Let y = 7 - w. What are the prime factors of y?
11
Let r(o) = o**3 - 6*o**2 - 6*o + 3. Suppose 10 + 10 = -5*w, 5*v = 5*w + 30. Let j be (-23)/(-3) - v/3. List the prime factors of r(j).
2, 5
Let o = 10 + -34. What are the prime factors of 